. Calculate the remainder when n(a) is divided by 16.
15
Let m(u) = 8*u**2 + 3*u - 11. What is the remainder when m(-5) is divided by 35?
34
Let f = 6 + -4. Calculate the remainder when f is divided by 1.
0
Let h = -16 + 23. Calculate the remainder when 18 is divided by h.
4
Let a(n) = n**2 + 4*n + 3. Let f(y) = y**3 - 4*y**2 + 3*y + 3. Suppose 3*l - h = 6 + 7, l + 4*h = 0. What is the remainder when f(l) is divided by a(-5)?
7
Suppose -2*t - 2 = 2*x + 2*x, 0 = 2*x - 2. Let s = -1 - t. Let v = 2 + s. What is the remainder when 6 is divided by v?
2
Suppose t = 2*t - 2, -4*t - 2 = -5*q. Suppose -20 = -6*r + q*r - z, -r + 2*z = -5. Calculate the remainder when (-4)/(-10)*(-20)/(-1) is divided by r.
3
Let x = -7 - -4. Let u = x - -53. Calculate the remainder when u is divided by 26.
24
Suppose -i + 3*n = -20, 4*i - 3*n - 62 = -0*i. Calculate the remainder when i is divided by 3/(-9) - 20/(-6).
2
Calculate the remainder when 34 is divided by 132/10 + 1/(-5).
8
Let l(g) = -28*g - 2. Let a be l(-3). Suppose -3*h + 3*v - 1 + a = 0, 119 = 5*h - v. What is the remainder when h is divided by 12?
11
Let v = 6 + -2. Let g = v + 6. What is the remainder when g is divided by 4?
2
Suppose -2*m + 4*u + 44 = 0, -3*m + 2*m = 5*u + 13. Suppose -4*d = m, 2*q = -4*d + 55 - 13. What is the remainder when q is divided by 15?
12
Let m be 4/(-16) + (-50)/(-8). Let b(w) = w**3 + 7*w**2 + 3*w - 1. What is the remainder when b(-6) is divided by m/((-6)/27*-3)?
8
Suppose -2*v = 6, v = 3*t - v - 78. What is the remainder when t is divided by 7?
3
Suppose 0 = -y - 0*y + 11. Let i(n) = -n**3 + 5*n**2 - 3*n - 1. Let w be i(4). Calculate the remainder when (-155)/(-20)*(w - -1) is divided by y.
9
Let d = 140 - 113. Suppose 3*y - 8 - 34 = 0. What is the remainder when d is divided by y?
13
Suppose 4*a = -q + 23, -6 = -5*a - q + 24. Let o = -5 + -2. Let w(i) = i**2 + 5*i - 2. What is the remainder when w(o) is divided by a?
5
Let l(z) = z**2 - 8*z - 8. Let y be l(8). Let k(r) = -r**3 - 7*r**2 + 8*r + 7. What is the remainder when k(y) is divided by 5?
2
Suppose -3*z + 12 = 0, 2*q - z = z + 68. What is the remainder when q is divided by 7?
3
Let h be (-2 - (-1)/(-2))*-2. Suppose 3*k + 38 = h*k. Suppose 0 = 6*v - 2*v - 28. Calculate the remainder when k is divided by v.
5
Suppose 5*j + d - 8 = 10, 5*d = -j + 18. Suppose -2*a + 50 = j*a + 2*m, -3*m - 10 = -a. What is the remainder when 29 is divided by a?
9
Let w be 1/(-3) - 39/(-9). Suppose w*h - 4*v = 16, -5*v + 1 = 4*h + 3. Calculate the remainder when 3 is divided by h.
1
Suppose 171 = 3*a + 66. Calculate the remainder when a is divided by 9.
8
Let k(u) = u. Let d(a) = 6*a - 1. Let c(o) = -6*d(o) + 34*k(o). Calculate the remainder when c(-6) is divided by 5.
3
Suppose 0*d - d - 14 = 0. Calculate the remainder when 100 is divided by d/(-35) + 336/10.
32
Let l = 1 + 1. Suppose -2*z - 2 = -2*w - 8, 4*w - 20 = -4*z. What is the remainder when l is divided by w?
0
Suppose -3*r - 8 = 2*v, r + 5*v + 14 + 6 = 0. Suppose -4*m + r = -z - 11, 0 = 3*z + m - 19. What is the remainder when 17 is divided by z?
2
Let q = 33 - -11. Calculate the remainder when q is divided by 16.
12
Suppose -3*p + 5*q - 2*q = -66, -5*p = -2*q - 110. Let b(s) = 13*s + 71. Calculate the remainder when p is divided by b(-5).
4
Let r(l) = -l**3 + 10*l**2 - 8*l - 11. Let h(z) = 2*z**2 - 7*z - 1. What is the remainder when r(8) is divided by h(5)?
11
Let k be (-3 + 3 - 2) + -4. What is the remainder when k/18 - (-176)/6 is divided by 15?
14
Suppose 2*m + 32 = -f + 4*f, 2*m - 2*f + 28 = 0. Let q = -4 - m. Suppose 2*r = 7 + 13. What is the remainder when r is divided by q?
4
Suppose 2*f = f. Suppose 6 + f = s. Calculate the remainder when s is divided by 4.
2
Let g be (-12)/(-7) - (-2)/7. What is the remainder when 53 is divided by -4*3*(-3)/g?
17
Let o be ((-30)/6)/(1/(-2)). What is the remainder when 265/25 + 4/o is divided by 4?
3
Suppose 13 = -6*f + 109. What is the remainder when 93 is divided by f?
13
Let v = -50 - -86. Let j = -8 + 5. Let g(f) = -5*f + 4. What is the remainder when v is divided by g(j)?
17
Let h(g) = 6*g - 2. Let i(u) = 3*u**2 - 2*u - 1. Let l be i(-1). Suppose 0 = -y, 2*y + 31 + 9 = l*v. What is the remainder when h(5) is divided by v?
8
Suppose -o - 2*y - 7 = 2*o, -2*y = -5*o + 15. Calculate the remainder when -19*(-2 + o)/1 is divided by 10.
9
Suppose 7*a - 15 - 13 = 0. What is the remainder when 26 is divided by a?
2
Suppose -4*q - 3*j + 9 = -2*j, -2*q = 3*j - 7. Let b = -1 + 2. What is the remainder when q is divided by b?
0
Let o(w) = -9*w**3 + 2*w**2 + w. Suppose -4*l = 1 + 3. What is the remainder when o(l) is divided by 6?
4
Let p = 5 - 3. Suppose p*a + 28 = 4*a. Suppose -5*m - 31 = -231. What is the remainder when m is divided by a?
12
Let a(w) = -w**3 + 14*w**2 - 25*w + 30. What is the remainder when 4/10 - (-168)/5 is divided by a(12)?
16
Let l(u) = -u**3 - 22*u**2 - 24*u - 22. What is the remainder when l(-21) is divided by 15?
11
Suppose 4*a - 180 = -0*a. Calculate the remainder when 223 is divided by a.
43
Let y(t) = -t - 2. Let l be y(-3). Let j be -5 - (2 - 0 - l). Let h = j - -11. Calculate the remainder when h is divided by 3.
2
Suppose -j = -3 - 9. Calculate the remainder when 45 is divided by j.
9
Suppose -4*q = -2*h - 208, 0 = -5*q - 3*h + 2*h + 267. What is the remainder when q is divided by -7*-2*(-1 - -2)?
11
Let n(l) = -14*l - 1. Suppose -15 + 12 = 3*b. What is the remainder when 38 is divided by n(b)?
12
Let f = -26 + 36. Calculate the remainder when f is divided by 6.
4
Let n(x) = -x**3 - 7*x**2 + 7*x + 12. What is the remainder when 38 is divided by n(-8)?
18
Let g(s) = 14*s + 2. Let b be g(2). Suppose -z = -5*l + 5, 0*z - z - 2*l + b = 0. Let c(v) = 2*v**2 + 5*v + 4. What is the remainder when z is divided by c(-3)?
6
Let s = 17 + 61. What is the remainder when s is divided by 2 - -21 - (-30 - -33)?
18
Let a = 36 - -14. Let r = -9 + a. Suppose 28 = -0*l + 2*l. What is the remainder when r is divided by l?
13
Let r(g) = g**2 - 3*g + 2. Let p(t) = -t**2 + 4*t. Let f be p(3). Suppose 0 = f*l - 34 - 14. What is the remainder when r(-4) is divided by l?
14
Let n(g) = 5*g - 2. Let t = 6 - 2. Suppose 0 = -5*r - 15, r = -t*l + 6*r + 35. What is the remainder when n(2) is divided by l?
3
Suppose -4*t - 3*o = -279, -1 = -2*o + o. What is the remainder when t is divided by 18?
15
What is the remainder when 9 is divided by 5*(2 + -4 - -3)?
4
Suppose 0 = -2*t + 14. Calculate the remainder when t is divided by 4.
3
Let s(g) = 6*g**2 + 2*g + 3. What is the remainder when s(3) is divided by 11?
8
Let k = -20 - -40. What is the remainder when 39 is divided by k?
19
Let j = 12 - 7. Suppose n + j*x = 64 - 16, -n + x = -18. What is the remainder when 68 is divided by n?
22
Let m(x) = 2*x**2 + 2*x - 2. Let r be m(2). Calculate the remainder when 46 is divided by (-32)/(-20)*r*1.
14
Let b be (26/2 + 2)*1. Suppose 3*k - b + 0 = 0. Let h(v) = -v**2 + 8*v - 7. Calculate the remainder when 14 is divided by h(k).
6
Let f(t) = -t**2 - 10*t - 6. What is the remainder when f(-4) is divided by 5?
3
What is the remainder when 15 is divided by (-1 - (-1 + 2))*-2?
3
Let w(r) = 10*r**2 + r - 1. Let y be w(2). Suppose 5*n - y = 9. What is the remainder when 19 is divided by n?
9
Suppose 0*z - 2*z + 44 = 0. Let a(y) = -y**3 - 3*y**2 + 5*y + 9. Calculate the remainder when z is divided by a(-4).
2
Let a(m) = 26*m**3 - m**2 + 2*m - 1. What is the remainder when a(1) is divided by 14?
12
Suppose 3*y = 3 + 36. What is the remainder when y is divided by -3 + 2 - ((-2 - -2) + -8)?
6
Let g = 43 + -119. Let w = g + 137. What is the remainder when w is divided by 24 - 1/(-2)*-6?
19
Let v = 1 - 3. What is the remainder when 8 is divided by 0 - (v + -3) - 0?
3
Let d be -3*(-4)/(48/140). Let x = d - 7. Calculate the remainder when 54 is divided by x.
26
Let m(n) = -n**3 - 12*n**2 + 14*n + 31. What is the remainder when 2/4 + (-134)/(-4) is divided by m(-13)?
16
Let l(r) = -r. Let v(k) = -53*k + 2. Let p(t) = 4*l(t) - v(t). Calculate the remainder when p(1) is divided by 17.
13
Let d = 6 + 0. Calculate the remainder when d is divided by 3/(-12) - (-17)/4.
2
Calculate the remainder when 0 + (3 - -91) - -2 is divided by 33.
30
Suppose q = -6*x + 2*x + 55, -3*x + 